/*M!999999\- enable the sandbox mode */ 
-- MariaDB dump 10.19-11.4.5-MariaDB, for debian-linux-gnu (x86_64)
--
-- Host: localhost    Database: panel_tarot
-- ------------------------------------------------------
-- Server version	11.4.5-MariaDB-0ubuntu0.24.10.1

/*!40101 SET @OLD_CHARACTER_SET_CLIENT=@@CHARACTER_SET_CLIENT */;
/*!40101 SET @OLD_CHARACTER_SET_RESULTS=@@CHARACTER_SET_RESULTS */;
/*!40101 SET @OLD_COLLATION_CONNECTION=@@COLLATION_CONNECTION */;
/*!40101 SET NAMES utf8mb4 */;
/*!40103 SET @OLD_TIME_ZONE=@@TIME_ZONE */;
/*!40103 SET TIME_ZONE='+00:00' */;
/*!40014 SET @OLD_UNIQUE_CHECKS=@@UNIQUE_CHECKS, UNIQUE_CHECKS=0 */;
/*!40014 SET @OLD_FOREIGN_KEY_CHECKS=@@FOREIGN_KEY_CHECKS, FOREIGN_KEY_CHECKS=0 */;
/*!40101 SET @OLD_SQL_MODE=@@SQL_MODE, SQL_MODE='NO_AUTO_VALUE_ON_ZERO' */;
/*M!100616 SET @OLD_NOTE_VERBOSITY=@@NOTE_VERBOSITY, NOTE_VERBOSITY=0 */;

--
-- Table structure for table `tarotistas`
--

DROP TABLE IF EXISTS `tarotistas`;
/*!40101 SET @saved_cs_client     = @@character_set_client */;
/*!40101 SET character_set_client = utf8mb4 */;
CREATE TABLE `tarotistas` (
  `id` int(11) NOT NULL AUTO_INCREMENT,
  `codigo_agente` varchar(20) DEFAULT NULL,
  `extension` varchar(20) NOT NULL,
  `agente_usuario` varchar(20) DEFAULT NULL,
  `nombre` varchar(100) NOT NULL,
  `apellidos` varchar(100) DEFAULT NULL,
  `descripcion` text DEFAULT NULL,
  `estado_actual` enum('offline','disponible','ocupado','pausa','esperando','bloqueado','reservado','solicitado','sonando') DEFAULT 'offline',
  `ultima_actualizacion` timestamp NULL DEFAULT current_timestamp() ON UPDATE current_timestamp(),
  `activo` tinyint(1) DEFAULT 1,
  `orden_display` int(11) DEFAULT 0,
  `created_at` timestamp NULL DEFAULT current_timestamp(),
  `ultima_hora_colgada` timestamp NULL DEFAULT NULL,
  `bloqueado` tinyint(1) DEFAULT 0,
  `estado_pbx_actual` int(11) DEFAULT 0 COMMENT 'Estado PBX: 0=no auth, 1=colgada, 2=descolgada, 4=sonando, 5=interna, 7=entrante, 8=saliente',
  `proveedor_id` int(11) DEFAULT NULL,
  `telefono_contacto` varchar(50) DEFAULT NULL,
  `valoracion` int(1) DEFAULT 0 COMMENT 'Valoración Tarot (1-5 estrellas)',
  `valoracion_visa` int(1) DEFAULT 0 COMMENT 'Valoración Visa/Repetición (1-5 estrellas)',
  `valoracion_automatica` tinyint(1) DEFAULT 1 COMMENT 'Si la valoración es automática (1) o manual (0)',
  `valoracion_visa_automatica` tinyint(1) DEFAULT 1 COMMENT 'Si la valoración visa es automática (1) o manual (0)',
  `fecha_ultima_sync_valoracion` timestamp NULL DEFAULT NULL COMMENT 'Última sincronización de valoraciones desde Asterisk',
  `sync_with_asterisk` tinyint(1) DEFAULT 1 COMMENT 'Si debe sincronizarse con asterisk',
  `existe_en_centralita` tinyint(1) DEFAULT 0,
  `centralita_sync_status` varchar(50) DEFAULT 'no_sincronizado',
  `last_sync_from_asterisk` timestamp NULL DEFAULT NULL,
  PRIMARY KEY (`id`),
  UNIQUE KEY `extension` (`extension`),
  KEY `idx_estado` (`estado_actual`),
  KEY `idx_extension` (`extension`),
  KEY `idx_activo` (`activo`),
  KEY `idx_orden` (`orden_display`),
  KEY `proveedor_id` (`proveedor_id`),
  CONSTRAINT `tarotistas_ibfk_1` FOREIGN KEY (`proveedor_id`) REFERENCES `proveedores_tarotistas` (`id`)
) ENGINE=InnoDB AUTO_INCREMENT=32 DEFAULT CHARSET=utf8mb4 COLLATE=utf8mb4_unicode_ci;
/*!40101 SET character_set_client = @saved_cs_client */;

--
-- Dumping data for table `tarotistas`
--

LOCK TABLES `tarotistas` WRITE;
/*!40000 ALTER TABLE `tarotistas` DISABLE KEYS */;
INSERT INTO `tarotistas` VALUES
(1,'324','324',NULL,'cristina','',NULL,'offline','2025-07-31 10:22:06',1,0,'2025-07-31 10:06:09',NULL,0,0,NULL,'626885499',5,3,1,1,NULL,1,1,'sincronizado','2025-07-31 10:16:09'),
(2,'350','350',NULL,'David','',NULL,'offline','2025-07-31 10:22:06',1,0,'2025-07-31 10:06:09',NULL,0,0,NULL,'680696867',3,4,1,1,NULL,1,1,'sincronizado','2025-07-31 10:16:09'),
(3,'325','325',NULL,'paloma','',NULL,'offline','2025-07-31 10:22:06',1,0,'2025-07-31 10:06:09',NULL,0,0,NULL,'605731697',5,3,1,1,NULL,1,1,'sincronizado','2025-07-31 10:16:09'),
(4,'326','326',NULL,'Tatiana','',NULL,'offline','2025-07-31 10:22:06',1,0,'2025-07-31 10:06:09',NULL,0,0,NULL,'670954248',4,4,1,1,NULL,1,1,'sincronizado','2025-07-31 10:16:09'),
(5,'327','327',NULL,'TelfRojo','',NULL,'offline','2025-07-31 10:22:06',0,0,'2025-07-31 10:06:09',NULL,0,0,NULL,'911762148',4,4,1,1,NULL,1,1,'no_visible_en_panel','2025-07-31 10:16:09'),
(6,'328','328',NULL,'Telefonorojo','',NULL,'offline','2025-07-31 10:22:06',0,0,'2025-07-31 10:06:09',NULL,0,0,NULL,'910640539',4,4,1,1,NULL,1,1,'no_visible_en_panel','2025-07-31 10:16:09'),
(7,'351','351',NULL,'Carmen Luna','',NULL,'offline','2025-07-31 10:22:06',1,0,'2025-07-31 10:06:09',NULL,0,0,NULL,NULL,4,4,1,1,NULL,1,1,'sincronizado','2025-07-31 10:16:09'),
(8,'352','352',NULL,'Pilar Vidente','',NULL,'offline','2025-07-31 10:22:06',1,0,'2025-07-31 10:06:09',NULL,0,0,NULL,NULL,5,3,1,1,NULL,1,1,'sincronizado','2025-07-31 10:16:09'),
(9,'353','353',NULL,'Rosa Tarot','',NULL,'offline','2025-07-31 10:22:06',1,0,'2025-07-31 10:06:09',NULL,0,0,NULL,NULL,3,5,1,1,NULL,1,1,'sincronizado','2025-07-31 10:16:09'),
(10,'354','354',NULL,'Elena Esotérica','',NULL,'offline','2025-07-31 10:22:06',1,0,'2025-07-31 10:06:09',NULL,0,0,NULL,NULL,4,4,1,1,NULL,1,1,'sincronizado','2025-07-31 10:16:09'),
(11,'355','355',NULL,'Laura Cartas','',NULL,'offline','2025-07-31 10:22:06',1,0,'2025-07-31 10:06:09',NULL,0,0,NULL,NULL,5,3,1,1,NULL,1,1,'sincronizado','2025-07-31 10:16:09'),
(12,'1001','1001',NULL,'Esperanza','Tarot',NULL,'offline','2025-07-31 10:22:06',0,0,'2025-07-31 10:06:09',NULL,0,0,NULL,NULL,3,4,1,1,NULL,1,0,'no_existe_en_centralita','2025-07-31 10:16:09'),
(13,'1002','1002',NULL,'Carmen','Vidente',NULL,'offline','2025-07-31 10:22:06',0,0,'2025-07-31 10:06:09',NULL,0,0,NULL,NULL,4,3,1,1,NULL,1,0,'no_existe_en_centralita','2025-07-31 10:16:09'),
(14,'1003','1003',NULL,'Pilar','Esotérica',NULL,'offline','2025-07-31 10:22:06',0,0,'2025-07-31 10:06:09',NULL,0,0,NULL,NULL,3,5,1,1,NULL,1,0,'no_existe_en_centralita','2025-07-31 10:16:09'),
(15,'301','301',NULL,'CLARA','',NULL,'offline','2025-07-31 10:22:06',1,0,'2025-07-31 10:06:09',NULL,0,0,NULL,'951990101',3,4,1,1,NULL,1,1,'sincronizado','2025-07-31 10:16:09'),
(16,'303','303',NULL,'BRUNO','',NULL,'offline','2025-07-31 10:22:06',1,0,'2025-07-31 10:06:09',NULL,0,0,NULL,'983655881',4,4,1,1,NULL,1,1,'sincronizado','2025-07-31 10:16:09'),
(17,'308','308',NULL,'ERIKA','',NULL,'offline','2025-07-31 10:22:06',1,0,'2025-07-31 10:06:09',NULL,0,0,NULL,'960153483',3,4,1,1,NULL,1,1,'sincronizado','2025-07-31 10:16:09'),
(18,'502','502',NULL,'BORJA','',NULL,'offline','2025-07-31 10:22:06',1,0,'2025-07-31 10:06:09',NULL,0,0,NULL,'CENTRALITA',4,3,1,1,NULL,1,1,'sincronizado','2025-07-31 10:16:09'),
(19,'514','514',NULL,'ANA','',NULL,'offline','2025-07-31 10:22:06',1,0,'2025-07-31 10:06:09',NULL,0,0,NULL,'911490669',3,5,1,1,NULL,1,1,'sincronizado','2025-07-31 10:16:09'),
(20,'515','515',NULL,'MIGUEL','ANGEL',NULL,'offline','2025-07-31 10:22:06',1,0,'2025-07-31 10:06:09',NULL,0,0,NULL,'926923194',4,5,1,1,NULL,1,1,'sincronizado','2025-07-31 10:16:09'),
(21,'534','534',NULL,'FLORIDA','',NULL,'offline','2025-07-31 10:22:06',1,0,'2025-07-31 10:06:09',NULL,0,0,NULL,'CENTRALITA',4,5,1,1,NULL,1,1,'sincronizado','2025-07-31 10:16:09'),
(22,'537','537',NULL,'MARIA','',NULL,'offline','2025-07-31 10:22:06',1,0,'2025-07-31 10:06:09',NULL,0,0,NULL,'981753964',3,4,1,1,NULL,1,1,'sincronizado','2025-07-31 10:16:09'),
(23,'555','555',NULL,'BEATRIZ','',NULL,'offline','2025-07-31 10:22:06',1,0,'2025-07-31 10:06:09',NULL,0,0,NULL,'925821839',5,4,1,1,NULL,1,1,'sincronizado','2025-07-31 10:16:09'),
(24,'568','568',NULL,'LEONOR','',NULL,'offline','2025-07-31 10:22:06',1,0,'2025-07-31 10:06:09',NULL,0,0,NULL,'825852340',4,4,1,1,NULL,1,1,'sincronizado','2025-07-31 10:16:09'),
(25,'569','569',NULL,'MAGGIE','',NULL,'offline','2025-07-31 10:22:06',1,0,'2025-07-31 10:06:09',NULL,0,0,NULL,'965563678',4,3,1,1,NULL,1,1,'sincronizado','2025-07-31 10:16:09'),
(26,'574','574',NULL,'ESTRELLA','',NULL,'offline','2025-07-31 10:22:06',1,0,'2025-07-31 10:06:09',NULL,0,0,NULL,'881123980',3,3,1,1,NULL,1,1,'sincronizado','2025-07-31 10:16:09'),
(27,'577','577',NULL,'DANIEL','',NULL,'offline','2025-07-31 10:22:06',1,0,'2025-07-31 10:06:09',NULL,0,0,NULL,'924033345',5,3,1,1,NULL,1,1,'sincronizado','2025-07-31 10:16:09');
/*!40000 ALTER TABLE `tarotistas` ENABLE KEYS */;
UNLOCK TABLES;

--
-- Table structure for table `reservas`
--

DROP TABLE IF EXISTS `reservas`;
/*!40101 SET @saved_cs_client     = @@character_set_client */;
/*!40101 SET character_set_client = utf8mb4 */;
CREATE TABLE `reservas` (
  `id` int(11) NOT NULL AUTO_INCREMENT,
  `operadora_id` int(11) NOT NULL,
  `nombre_operadora` varchar(255) DEFAULT NULL,
  `usuario_id` int(11) NOT NULL,
  `idCliente` int(11) DEFAULT NULL,
  `admin` tinyint(1) DEFAULT 0,
  `nombre` varchar(255) DEFAULT NULL,
  `telefono` varchar(20) DEFAULT NULL,
  `linea` varchar(50) DEFAULT NULL,
  `comentario` text DEFAULT NULL,
  `fecha` datetime DEFAULT NULL,
  `marcado` tinyint(1) DEFAULT 0,
  `eliminado` tinyint(1) DEFAULT 0,
  `fecha_reserva` datetime NOT NULL,
  `notas` text DEFAULT NULL,
  `estado` enum('pendiente','activa','finalizada','cancelada') DEFAULT 'pendiente',
  `activa` tinyint(1) DEFAULT 1,
  `created_at` timestamp NULL DEFAULT current_timestamp(),
  `updated_at` timestamp NULL DEFAULT current_timestamp() ON UPDATE current_timestamp(),
  PRIMARY KEY (`id`),
  KEY `usuario_id` (`usuario_id`),
  KEY `idx_reservas_activas` (`eliminado`,`fecha` DESC,`id` DESC),
  KEY `idx_reservas_operadora` (`operadora_id`,`eliminado`),
  KEY `idx_reservas_usuario` (`idCliente`,`admin`,`eliminado`),
  CONSTRAINT `reservas_ibfk_1` FOREIGN KEY (`operadora_id`) REFERENCES `tarotistas` (`id`),
  CONSTRAINT `reservas_ibfk_2` FOREIGN KEY (`usuario_id`) REFERENCES `usuarios` (`id`)
) ENGINE=InnoDB AUTO_INCREMENT=46 DEFAULT CHARSET=utf8mb4 COLLATE=utf8mb4_unicode_ci;
/*!40101 SET character_set_client = @saved_cs_client */;

--
-- Dumping data for table `reservas`
--

LOCK TABLES `reservas` WRITE;
/*!40000 ALTER TABLE `reservas` DISABLE KEYS */;
INSERT INTO `reservas` VALUES
(15,1,'Esperanza',1000,1000,0,'David','201','22','33','2025-06-26 13:56:46',0,0,'2025-06-26 13:56:46','33','pendiente',1,'2025-06-26 11:56:46','2025-06-26 11:56:46'),
(16,3,'Pilar',1000,1000,0,'lui','649956099','912222222','hola','2025-06-26 18:35:22',0,0,'2025-06-26 18:35:22','hola','cancelada',0,'2025-06-26 16:35:22','2025-07-02 15:42:22'),
(17,1,'Esperanza Vidente',1002,NULL,0,'Cliente Test 1','+34 666 123 456','DDI_001','Reserva de prueba admin',NULL,1,0,'2025-07-02 16:00:00',NULL,'finalizada',0,'2025-07-02 11:13:47','2025-07-02 11:26:15'),
(18,2,'Carmen Rueda',1003,NULL,0,'Cliente Test 2','+34 677 987 654','DDI_002','Reserva de prueba colaborador',NULL,1,0,'2025-07-02 17:30:00',NULL,'finalizada',0,'2025-07-02 11:13:47','2025-07-02 11:39:13'),
(19,3,'Pilar Místika',1002,NULL,0,'Cliente Test 3','+34 688 555 777','DDI_0033','Otra reserva admin',NULL,0,1,'2025-07-02 18:00:00',NULL,'pendiente',1,'2025-07-02 11:13:47','2025-07-02 11:39:27'),
(20,1,'Esperanza',1002,NULL,0,'ddd','343434433','333334','Administrador Deselpa',NULL,1,0,'2025-07-02 13:35:00',NULL,'finalizada',0,'2025-07-02 11:39:39','2025-07-02 14:21:21'),
(21,1,'Esperanza',1002,NULL,0,'Test Cliente','','','Test reserva',NULL,1,0,'2025-07-02 19:00:00',NULL,'finalizada',0,'2025-07-02 11:44:16','2025-07-02 14:21:24'),
(22,2,'Carmen',1002,NULL,0,'afdasda','33433','','Administrador Deselpa',NULL,0,1,'2025-07-02 13:46:00',NULL,'pendiente',1,'2025-07-02 11:46:42','2025-07-02 14:21:13'),
(23,2,'Carmen',1002,NULL,0,'jfgjhfh','','jdjd','Administrador Deselpa',NULL,0,1,'2025-07-02 16:05:00',NULL,'pendiente',1,'2025-07-02 14:06:00','2025-07-02 14:21:16'),
(24,2,'Carmen',1002,NULL,0,'dafsdf','asdfasd','safdasfda','Administrador Deselpa',NULL,0,1,'2025-07-02 16:33:00',NULL,'pendiente',1,'2025-07-02 14:33:51','2025-07-02 15:04:16'),
(25,3,'Pilar',1002,NULL,0,'s','','','Administrador Deselpa',NULL,1,0,'2025-07-02 17:03:00',NULL,'finalizada',0,'2025-07-02 15:04:26','2025-07-02 15:20:42'),
(26,1,'Esperanza',1002,NULL,0,'adfasdf','','','Administrador Deselpa',NULL,0,1,'2025-07-02 17:08:00',NULL,'pendiente',1,'2025-07-02 15:08:54','2025-07-02 15:11:32'),
(27,1,'Esperanza',1002,NULL,0,'j','','','Administrador Deselpa',NULL,1,0,'2025-07-02 17:36:00',NULL,'finalizada',0,'2025-07-02 15:36:40','2025-07-02 15:37:03'),
(28,2,'Carmen',1002,NULL,0,'21','','','Administrador Deselpa',NULL,0,1,'2025-07-02 17:40:00',NULL,'pendiente',1,'2025-07-02 15:40:16','2025-07-02 15:40:27'),
(30,1,NULL,1000,NULL,0,'Cliente Reserva Test','687654321',NULL,NULL,NULL,0,0,'2025-07-02 20:07:41',NULL,'cancelada',0,'2025-07-02 18:12:41','2025-07-02 21:16:34'),
(31,1,'Esperanza',1002,NULL,0,'111','','','Administrador Deselpa',NULL,0,0,'2025-07-02 23:01:00',NULL,'pendiente',1,'2025-07-02 21:16:42','2025-07-03 10:50:25'),
(32,1,'Esperanza',1002,NULL,0,'oo','','','Administrador Deselpa',NULL,0,0,'2025-07-02 23:44:00',NULL,'cancelada',0,'2025-07-02 21:16:57','2025-07-03 09:48:38'),
(33,2,'Carmen',1002,NULL,0,'52','','','Administrador Deselpa',NULL,0,0,'2025-07-02 23:22:00',NULL,'cancelada',0,'2025-07-02 21:22:58','2025-07-03 09:48:34'),
(34,3,'Pilar',1002,NULL,0,'65914','','','Administrador Deselpa',NULL,0,0,'2025-07-02 23:22:00',NULL,'pendiente',1,'2025-07-02 21:23:04','2025-07-03 15:07:05'),
(35,3,'Pilar',1002,NULL,0,'65464665','','','Administrador Deselpa',NULL,1,0,'2025-07-03 12:59:00',NULL,'finalizada',0,'2025-07-03 11:00:00','2025-07-04 08:53:39'),
(36,6,'bueno',1002,NULL,0,'11','','','Administrador Deselpa',NULL,0,0,'2025-07-04 10:42:00',NULL,'pendiente',1,'2025-07-04 08:42:32','2025-07-04 08:42:32'),
(37,3,'Pilar',1002,NULL,0,'paloma','605731697','visas paloma','Administrador Deselpa cliente no ha llamado',NULL,1,0,'2025-07-04 10:43:00',NULL,'finalizada',0,'2025-07-04 08:46:49','2025-07-04 08:54:03'),
(38,6,'bueno',1002,NULL,0,'paloma','56465456','kldjfaks','Administrador Deselpa',NULL,0,0,'2025-07-04 11:03:00',NULL,'pendiente',1,'2025-07-04 09:08:25','2025-07-04 09:08:25'),
(39,3,'Pilar',1002,NULL,0,'132','','','Administrador Deselpa',NULL,0,0,'2025-07-04 11:08:00',NULL,'pendiente',1,'2025-07-04 09:08:51','2025-07-04 09:08:51'),
(40,1,'Esperanza',1002,NULL,0,'paloma','56a4sf6as56fd','','Call Center Hispatel',NULL,0,0,'2025-07-04 11:21:00',NULL,'cancelada',0,'2025-07-04 09:22:20','2025-07-05 09:13:49'),
(41,6,'bueno',1002,NULL,0,'PALOMA','6785522645465','VISAS PALOMA','Administrador Deselpa N/C 10.22',NULL,1,0,'2025-07-05 11:02:00',NULL,'finalizada',0,'2025-07-05 09:05:25','2025-07-05 09:06:20'),
(42,1,'Esperanza',1002,NULL,0,'TATI','54556','HISPATEL','Administrador Deselpa',NULL,0,0,'2025-07-05 11:12:00',NULL,'cancelada',0,'2025-07-05 09:13:32','2025-07-05 09:13:53'),
(43,2,'Carmen',1002,NULL,0,'PALOMA','LKSDJLFA','VISA','Administrador Deselpa',NULL,0,0,'2025-07-05 11:12:00',NULL,'pendiente',1,'2025-07-05 09:14:16','2025-07-05 09:14:16'),
(44,2,'Carmen',1002,NULL,0,'TATI','LAÑSJDF','806','Administrador Deselpa',NULL,0,0,'2025-07-05 11:45:00',NULL,'pendiente',1,'2025-07-05 09:14:46','2025-07-05 09:14:46'),
(45,8,'manuel',1002,NULL,0,'NAILEN','LKAJFD','806','Administrador Deselpa',NULL,0,0,'2025-07-05 11:45:00',NULL,'pendiente',1,'2025-07-05 09:15:03','2025-07-05 09:15:03');
/*!40000 ALTER TABLE `reservas` ENABLE KEYS */;
UNLOCK TABLES;

--
-- Table structure for table `solicitudes_operadoras`
--

DROP TABLE IF EXISTS `solicitudes_operadoras`;
/*!40101 SET @saved_cs_client     = @@character_set_client */;
/*!40101 SET character_set_client = utf8mb4 */;
CREATE TABLE `solicitudes_operadoras` (
  `id` int(11) NOT NULL AUTO_INCREMENT,
  `operadora_id` int(11) NOT NULL,
  `usuario_id` int(11) NOT NULL,
  `tiempo_solicitado` varchar(50) DEFAULT NULL,
  `tipo_solicitud` enum('solicitud','tiempo') DEFAULT 'solicitud',
  `es_repetir` tinyint(1) DEFAULT 0,
  `completada` tinyint(1) DEFAULT 0,
  `created_at` timestamp NULL DEFAULT current_timestamp(),
  `updated_at` timestamp NULL DEFAULT current_timestamp() ON UPDATE current_timestamp(),
  PRIMARY KEY (`id`),
  KEY `operadora_id` (`operadora_id`),
  KEY `usuario_id` (`usuario_id`),
  CONSTRAINT `solicitudes_operadoras_ibfk_1` FOREIGN KEY (`operadora_id`) REFERENCES `tarotistas` (`id`),
  CONSTRAINT `solicitudes_operadoras_ibfk_2` FOREIGN KEY (`usuario_id`) REFERENCES `usuarios` (`id`)
) ENGINE=InnoDB AUTO_INCREMENT=16 DEFAULT CHARSET=utf8mb4 COLLATE=utf8mb4_unicode_ci;
/*!40101 SET character_set_client = @saved_cs_client */;

--
-- Dumping data for table `solicitudes_operadoras`
--

LOCK TABLES `solicitudes_operadoras` WRITE;
/*!40000 ALTER TABLE `solicitudes_operadoras` DISABLE KEYS */;
INSERT INTO `solicitudes_operadoras` VALUES
(7,3,1000,'indefinido','solicitud',0,0,'2025-06-26 09:47:36','2025-06-26 09:47:36'),
(8,1,1002,NULL,'solicitud',0,0,'2025-07-03 09:57:16','2025-07-03 09:57:16'),
(10,1,1000,NULL,'solicitud',0,0,'2025-07-03 09:59:30','2025-07-03 09:59:30'),
(11,3,1002,NULL,'solicitud',0,0,'2025-07-03 10:01:35','2025-07-03 10:01:35'),
(12,1,1002,NULL,'solicitud',0,0,'2025-07-04 08:46:02','2025-07-04 08:46:02'),
(13,2,1002,NULL,'solicitud',0,0,'2025-07-04 09:22:49','2025-07-04 09:22:49'),
(14,2,1002,NULL,'solicitud',0,0,'2025-07-04 09:25:49','2025-07-04 09:25:49'),
(15,6,1002,NULL,'solicitud',0,0,'2025-07-05 09:04:42','2025-07-05 09:04:42');
/*!40000 ALTER TABLE `solicitudes_operadoras` ENABLE KEYS */;
UNLOCK TABLES;
/*!40103 SET TIME_ZONE=@OLD_TIME_ZONE */;

/*!40101 SET SQL_MODE=@OLD_SQL_MODE */;
/*!40014 SET FOREIGN_KEY_CHECKS=@OLD_FOREIGN_KEY_CHECKS */;
/*!40014 SET UNIQUE_CHECKS=@OLD_UNIQUE_CHECKS */;
/*!40101 SET CHARACTER_SET_CLIENT=@OLD_CHARACTER_SET_CLIENT */;
/*!40101 SET CHARACTER_SET_RESULTS=@OLD_CHARACTER_SET_RESULTS */;
/*!40101 SET COLLATION_CONNECTION=@OLD_COLLATION_CONNECTION */;
/*M!100616 SET NOTE_VERBOSITY=@OLD_NOTE_VERBOSITY */;

-- Dump completed on 2025-07-31 12:44:43
